uppose 125*f - 477179 - 252502 = 756819. What is the tens digit of f?
9
Let p = 334 - 324. What is the units digit of (2 - (-6 - -313))/((-5)/p)?
0
Let z(i) = 46*i - 12. Suppose -6*k = -8*k - 4. Let l be k*2/6*3*-2. What is the tens digit of z(l)?
7
Let t(f) = 116*f + 64. Let x be t(5). Suppose 21*a - 14371 = x. What is the tens digit of a?
1
Suppose 7*p - 3*p = 104. Let r be 21 - (-2 + 4 + 2). Suppose -o + r = -p. What is the tens digit of o?
4
Let h = 20 - 25. Let v(t) = -t**3 - 3*t**2 - t - 4. Let f be v(h). Let a = 130 - f. What is the units digit of a?
9
Let f(t) = t**3 - 4*t**2 - 17*t + 5. Let a be f(6). Let k(c) = -35*c - 72. What is the hundreds digit of k(a)?
8
Let m = 6763 + -2263. Suppose 8*z = 12*z - m. What is the thousands digit of z?
1
Let h(x) = x**3 + 60*x**2 + 130*x + 230. What is the units digit of h(-48)?
8
Suppose -y - 2*h = -3769 - 972, 3*y + h = 14218. What is the units digit of y?
9
Suppose -346923 = -567*f + 540*f. What is the units digit of f?
9
Let z = -14792 + 29274. What is the ten thousands digit of z?
1
Let y = -194 - -196. Suppose 3*g - 269 = 5*s - 1382, 5*s - 1112 = y*g. What is the tens digit of s?
2
Suppose 16*a - 22493 = -5085. Suppose 3*d = -p + a, -2*d - 14 = -12. What is the tens digit of p?
9
Let r(u) = 5*u**2 - 3*u - 14. Let l be r(6). Suppose -2*p + 0*p = -l. Suppose -p = -c - 21. What is the units digit of c?
3
Let h(u) = -2*u + 580. Let p be (-4 - (-8)/1 - 4)/3. What is the hundreds digit of h(p)?
5
Let i(v) = -2*v - 2. Let r be i(-2). Let n(p) = p**2 + 2*p - 3. Let q be n(r). Suppose -b + 28 = -q. What is the units digit of b?
3
Suppose 4*q - 3*s - s - 5024 = 0, -3*s - 7548 = -6*q. What is the hundreds digit of q?
2
Suppose -16475 = -o - 3*r, 5*o + 2*r - 80555 - 1807 = 0. What is the thousands digit of o?
6
Let w = -47841 + 74623. What is the thousands digit of w?
6
Suppose -3*v = -4*v. Suppose 3*h = c + 26, v*h + 5*h = 2*c + 52. What is the tens digit of (-4)/c + (3 - (-11328)/52)?
2
Suppose -1142 = -4*a + 4*l - l, l = -a + 289. Suppose -465 = -2*n + a. What is the tens digit of n?
7
Let a = -16 + 2. Let k be 5*5 + (29 - 31). What is the tens digit of a/1*(k + -24)?
1
Let a(t) = -16*t + 1. Suppose 7*l - 13 - 1 = 0. Let n be -6 + 6/l + (-22)/2. What is the tens digit of a(n)?
2
Suppose 328*f - 9906587 = 4884245. What is the units digit of f?
4
Suppose 2*t = 8, 4*t + 216 = -3*o + 20485. What is the tens digit of o?
5
Let v = -8 + 6. Let p(b) = -96*b**3 - 5*b - 7. What is the units digit of p(v)?
1
Suppose -3*x + 25 = 3*n + 2*n, 2*x = -10. Suppose -10*f + 6*f = n. What is the units digit of f - (4 - 7) - -285?
6
Let d(r) = -2*r**3 + 12*r**2 - 2*r + 17. Let h be d(6). Suppose -h*z + 5*q + 2462 = -633, 5*z + 5*q - 3055 = 0. What is the units digit of z?
5
Suppose -3*m + 5*j = -115264, 0 = -4*j - 0*j + 4. What is the thousands digit of m?
8
Suppose 0 = 3*m + g - 459 - 1538, 2*g + 2646 = 4*m. Suppose -2 = -3*u + 1, 0 = -4*t + 4*u + m. What is the tens digit of t?
6
Suppose -2*d = -7*d - 1250. Let x = d + 363. Let k = -57 + x. What is the tens digit of k?
5
Suppose -44*s = -50*s - 18. Let o(v) = -12*v**3 - 2*v**2 - 4*v - 12. What is the hundreds digit of o(s)?
3
Let c be 6/(2 - 0) - -213. Suppose 189*h + c = 190*h. What is the hundreds digit of h?
2
Suppose -3*p - 24982 = -4*a, -27*a + 26*a - 3*p = -6238. What is the thousands digit of a?
6
Let l = -5402 + 8183. What is the thousands digit of l?
2
Let o(h) = 70*h - 144*h + 71*h + 34. What is the units digit of o(-5)?
9
Let v = 9974 + -6350. What is the units digit of v?
4
Let c(w) = -7*w**3 - 7*w**2 + 15*w - 19. Let a(j) = 6*j**3 + 8*j**2 - 14*j + 18. Let r(p) = -4*a(p) - 3*c(p). What is the units digit of r(-7)?
8
Suppose -3*d - 37353 = -3*f, -5*f + 38175 + 24050 = d. What is the ten thousands digit of f?
1
What is the tens digit of (-19483512)/304*(-6)/9?
2
Let n(a) = a**3 + 7*a**2 - 8*a + 9. Let s be n(-8). Let c(u) = 4*u**2 - 8*u + 2. What is the units digit of c(s)?
4
Let h be 6*4/(-18)*15. What is the tens digit of ((-2)/h*5)/((-2)/(-792))?
9
Let x(d) be the second derivative of 1/6*d**3 - 1/20*d**5 + 29*d + 1/4*d**4 + 0 + 74*d**2. What is the tens digit of x(0)?
4
Suppose -5*j = -4*n - 0*n - 68, 3*j = 3*n + 48. Let z be 18/n + 3/6. What is the units digit of z/(-1 - 30/(-35))?
7
Let m = 153 - 137. Suppose 4*t = -m, -x + t + 169 = -57. What is the tens digit of x?
2
Suppose -3*c + 8 = c. Suppose 0 = c*u - 3*u + 1. What is the units digit of (0 + u*-1)/(28/(-4172))?
9
Suppose 1312*u - 104721 = 1307*u + 3*v, 3*u = -v + 62827. What is the ten thousands digit of u?
2
Let a = -144 + 143. What is the units digit of ((-29)/(-87))/((-1)/1683*a)?
1
Let z(h) = 43*h + 12. Suppose -666 + 813 = 7*j. What is the units digit of z(j)?
5
Suppose -19886*d + 19888*d - 12488 = 0. What is the thousands digit of d?
6
Let l = -12251 + 26913. What is the ten thousands digit of l?
1
Let r(p) be the first derivative of p**4/4 - 2*p**3 - 8*p**2 - 21*p - 107. What is the units digit of r(11)?
8
Let u(s) = 33*s**2 - 4*s - 12. Let y be u(-4). Let r = y - 263. Suppose -183 = -3*m - 3*c, 5*m - c - r = 3*c. What is the tens digit of m?
5
Let p(o) = -7*o**3 + 8*o**2 + 39*o + 400. What is the tens digit of p(-8)?
8
Let g = -1216 - -628. Let n = 1003 + g. What is the hundreds digit of n?
4
Let f be 1/(-2 + (-15)/(-7)). Let u(t) = -4*t + 23*t**2 - 19*t**2 - 2*t**2 + 8 + 0*t. What is the tens digit of u(f)?
7
Let n be -12 - (20/(-110) - (-68)/11). Let j(a) = 2*a**2 - 50*a + 18. What is the thousands digit of j(n)?
1
Suppose 93583 = 27*a - 227906. What is the hundreds digit of a?
9
Let g(u) = u**3 + 8*u**2 - 9*u + 12. Let i be g(-9). Let v be (i/(-2))/(14/(-511)). Let o = v + -153. What is the units digit of o?
6
Let b be (1/4)/(1 - 21/28). Let u(o) = b + 8*o + 2*o - 7 - 6. What is the hundreds digit of u(17)?
1
Let t = 11647 - 4866. What is the hundreds digit of t?
7
Let j = -106 - -111. Suppose 3*w - w + 715 = 5*o, -3*o = j*w - 429. Let b = o + -65. What is the tens digit of b?
7
Let x(l) = -3*l**2. Let s(o) = -10*o**2 + 20*o + 56. Let w(k) = -s(k) + 2*x(k). What is the units digit of w(16)?
8
Let o(b) = 632*b - 5. Let z be o(1). Let p = z - 237. What is the tens digit of p?
9
What is the tens digit of 4/10*(1424340/(-574))/((-3)/140)?
2
Let v(m) = -17*m + 233. Let z be v(13). What is the tens digit of 27/(-36) - (-933)/z?
7
Let r(t) = 33*t - 64. Let h be r(18). Let y = -295 + h. What is the units digit of y?
5
Suppose -3*v - 3*g = -g + 5319, -2*v + 3*g = 3533. Let j(d) = d**2 - 14*d + 2. Let u be j(6). What is the units digit of (48/14)/(u/v)?
2
Let f be ((-2032)/(-6))/((-8)/(-12)). Suppose 3*s + 5*r - 4*r - 304 = 0, 0 = 5*s + 3*r - f. Let j = s + -25. What is the units digit of j?
6
Let y be (12/(-15))/((-5)/50). Let q(j) = -15*j - 30*j - y - 11. What is the units digit of q(-5)?
6
Let r(i) = 17*i**2 + 64*i - 1066. What is the units digit of r(17)?
5
Suppose -2*d + 696 = -j, 0*d + 4*d = 4*j + 1400. Let f = -91 + d. What is the tens digit of f?
5
Suppose -3*o + 3*m - m = -4499, -o + 4*m + 1493 = 0. What is the thousands digit of o?
1
Suppose -2*n + 3*z + 17858 + 5497 = 0, 2*n = -4*z + 23362. What is the thousands digit of n?
1
Let t(m) = -3*m**3 + 13*m**2 + 3*m - 68. Let i(c) = -c**3 + 2*c**2 + c. Let a(f) = 4*i(f) - t(f). What is the hundreds digit of a(-8)?
2
Let j(k) be the second derivative of -9/2*k**2 + 0 + 14/3*k**3 - 17*k. What is the units digit of j(4)?
3
Let r = -50 + 55. Suppose 3*o + 0*j - j = 9, r*j = 15. Suppose 2*c - 3*w - 46 = 0, -3*c + o*w + 78 = 8. What is the tens digit of c?
2
Let x(v) = -2*v**2 + 5*v + 63. Let c be x(-11). What is the units digit of (-6923)/(-9) - (-52)/c?
9
Let r(c) = -c - 7. Let f be r(-11). Suppose 47 = -f*l - 177. Let v = 135 + l. What is the units digit of v?
9
Suppose 4*a + 282 = 2*i, -107 - 272 = -3*i - 5*a. Suppose -5*k + i = y, 7*k + 575 = 5*y + 2*k. What is the hundreds digit of y?
1
Suppose -5*u + 5*p = -u + 195, 0 = -5*u - 5*p - 210. Let m be (u/4)/((-2)/(-8)). What is the tens digit of 8/36 + (-755)/m?
1
Let x(w) = -w**3 - 2*w**2 - 2*w - 17. Let d be x(-6). Let s = 157 - d. What is the units digit of s?
8
Suppose -5*j = 3*a - 46460, 5*j = -a - a + 30970. What is the tens digit of a?
9
Suppose -22*n + 30156 = -3460. What is the hu